 (3 + (-5 - -8))?
18
Calculate 49 - (64 - (10 + 23)).
18
What is the value of -45 + 42 - (-4 + (3 - 3) - 15)?
16
What is 7 - 2 - (2 - 0 - 3) - 10?
-4
6 - (3 + (1 - -16 - 16))
2
What is the value of (4 - 2) + 0 + -29 + -4 + 32?
1
Evaluate -23 + (17 - (5 - -5)) - -11.
-5
7 + (8 - 9) - 14
-8
What is -9 + (11 - -1) + -10 - 11?
-18
0 - (8 - ((-5 - -8) + -4))
-9
26 + -24 + 3 + -5 - 36
-36
6 + -1 + (6 - -9) + 3 + -14
9
-3 - (1 + 7 - (-3 - -21))
7
What is the value of 0 + -21 + 35 - 10?
4
Calculate -20 + 20 + -14 + 25.
11
Calculate -7 - (6 + -14) - -1 - (0 + 3).
-1
8 - ((-9 - -15) + -2 - (2 + -6))
0
Calculate -73 + 35 - (26 - 45).
-19
Evaluate -3 + (-63 - -67) + -1 + 2 + -13.
-11
What is 3 + (-23 - 1) - (-5 + 5)?
-21
Evaluate -11 + 19 + -28 - -17.
-3
Evaluate -14 + (-11 - -8 - -15).
-2
Evaluate 1 - 1 - 5 - (109 + -106).
-8
Evaluate (-7 - (-8 - -14)) + 9 + 0.
-4
What is the value of 3 + 0 + 2 - (-650 + 649)?
6
What is the value of 10 - (-4 + 13 + 7) - 18?
-24
Evaluate -12 - (18 - (13 + 5)).
-12
What is (40 - 83) + 36 + (-13 - 1)?
-21
What is -3 - (2 - (0 + (-2 - 4)) - -4)?
-15
Calculate -4 + (12 + -3 - 0).
5
Evaluate 9 + -1 + 221 + -208.
21
Evaluate 1 + (-2 - (2 + 7) - (-1 - -1)).
-10
6 + 9 + -6 + 6 - (4 + 2)
9
What is the value of -11 - -14 - ((1 - (2 + -21)) + 2)?
-19
What is the value of 28 - (8 - (2 + -10) - 8)?
20
0 - (-4 + (5 - 2)) - (54 - 53)
0
Evaluate (-21 - -26) + (-1 - (2 + -2 + 2)).
2
Evaluate -9 + (-31 + 16 - -12).
-12
Evaluate -17 - -1 - (-4 + -20 + 25).
-17
What is (-13 - -1) + (-19 - (-7 + -18)) + 10?
4
4 + 11 + (-7 + -8 - -11)
11
Calculate 16 - (7 + -13 + (7 - -3)).
12
Calculate -12 - (16 + (-6 - 1) - 7).
-14
1 - (-15 + (-7 - -12) - -11)
0
1 + (-2 - 2) - -6 - 0 - 10
-7
What is the value of -14 + -4 + 2 - 6 - -7?
-15
Evaluate (-82 - -2) + 37 - (4 + -16 + 1).
-32
-1 + 22 - (37 - 22)
6
Evaluate (11 - ((-8 - -13) + 9)) + (0 - -1).
-2
What is 7 + 5 + -7 + -2 + (5 - -1)?
9
Calculate (-32 + 15 - 0) + 20.
3
What is the value of -3 + 5 + (55 - 24 - 3)?
30
8 + -12 + (-9 - -16) + 2
5
1 - 3 - (24 - 20)
-6
Calculate (7 + 1 - -2) + (-40 - -11).
-19
Calculate (13 + -11 - (2 + 2)) + 2.
0
What is 12 + -26 + 34 + -24?
-4
Calculate -11 - -17 - 2 - -3.
7
(23 - 28) + (2 - 24) + (40 - 39)
-26
Calculate -8 + (27 + -25 - -6).
0
What is the value of -9 - -21 - 9 - 6 - -11 - -3?
11
What is -3 - (11 - ((18 - 14) + -6))?
-16
What is -15 - ((6 - -10) + (-26 - -19))?
-24
What is the value of 20 + -9 + 0 + 13 + -22?
2
Evaluate -1 + 0 + 4 + (-6 - -5).
2
(7 - (-28 - -16)) + 3 + -2 + 13
33
Calculate -18 + -6 + -4 + -6 + 7 + -6.
-33
8 + 27 + (-1 - 6)
28
-521 - -532 - (-3 + 0)
14
Calculate (4 - 1) + (-376 - -380).
7
Calculate 8 - ((-3 - -3) + (9 + -10 - -3)).
6
What is 21 + -38 + 33 + -18?
-2
Evaluate -3 - (1 + (4 - -4)) - -2.
-10
What is -9 - (-3 - 1) - (5 + -16 + 22)?
-16
Evaluate -5 - (7 - 10) - (11 + -6).
-7
What is the value of 0 + -1 - 21 - ((-6 - -28) + -24)?
-20
What is (12 - -1) + (56 - 63)?
6
Evaluate -8 - (-1 - (19 - (6 + 1))).
5
Calculate 4 - (-2 + (-13 - -1)) - 5.
13
15 + -28 + -3 - -6
-10
7 + -8 + 14 - 19
-6
What is the value of 288 - 295 - (-31 + -1)?
25
Evaluate (24 - 10) + -11 - -7 - 22.
-12
What is the value of (804 - 800) + (3 - (-2 - -1))?
8
What is the value of -212 - -215 - (15 - -2)?
-14
Calculate 36 - (-8 + (11 - -27)).
6
18 - (15 - -3) - (41 + -6)
-35
Evaluate (2 + -19 - -12) + -5.
-10
8 + (-6 - 3 - -7)
6
What is the value of -9 + (32 - 7) + 10?
26
13 - (-12 + 0 + 31)
-6
What is 19 + -10 - (11 - 7 - 4)?
9
What is the value of 9 + (-23 - -16) - (0 + -6 + -1)?
9
What is 4 + -3 + (11 + -14 - 22)?
-24
Calculate 41 - 48 - (-3 + -2 + -3) - -6.
7
-9 + (-11 + 10 - 4) + 11
-3
Calculate (-18 - -12 - 18) + 35.
11
What is -11 + -1 + (-7 - -1) + 533 + -502?
13
(19 - (-6 - (-2 - (10 - 8)))) + -6
15
Evaluate 1 + -9 + (15 + (-9 - 16) - -23).
5
Calculate 0 + (-20 - 1) - (-18 - (-4 + -4)).
-11
What is the value of -13 + 4 + (3 - -10)?
4
32 - (-25 + 84) - -30
3
6 - (7 - 6 - (-1 + 10)) - 6
8
What is (-64 + 78 - -14) + (1 - -4)?
33
Calculate -2 + 2 + (-31 - (-22 + 18)).
-27
Calculate (25 - 1) + 7 + 2 + (11 - 20).
24
Evaluate -23 - (16 + (22 - 46)).
-15
-32 + 12 + (2 - -19)
1
What is 12 + -11 + 1 - 12?
-10
Calculate 2 - -12 - (-41 + 61).
-6
Evaluate -6 + 1 - (44 + -10 - 29).
-10
What is (-2 - -4) + -8 + (0 - (-10 + 13))?
-9
Evaluate 18 - (10 - -11) - -3.
0
What is -1 + 12 + (1 - (11 + -14))?
15
What is 6 + (24 - 60 - -19)?
-11
Calculate (9 - (0 - -7)) + -6 + -4.
-8
What is 0 - 10 - (138 + -135)?
-13
15 - (41 + -17) - (-33 - -7)
17
What is -1 + -15 + 1 + (-7 - (-6 + -6))?
-10
Calculate -324 + 301 + (-5 - -31).
3
What is the value of -2 + 5 - (-274 + 267)?
10
Calculate -4 + 9 + (6 - (-4 + -4)).
19
Evaluate (-3 - -13 - 4) + -11.
-5
What is the value of 5 + (-20 - (-9 - 2)) + 10?
6
What is the value of -23 + (-3 - (-2 + 6 + (-12 - -3)))?
-21
What is 0 + 8 - (-81 + 144 + (-8 - 16))?
-31
What is -19 + 5 + (-3 - -19)?
2
Evaluate -35 - -4 - -28 - -2.
-1
What is the value of -2 + 21 - (230 + -219)?
8
What is -13 + (-1 - (-22 + 13) - 6)?
-11
What is the value of -2 + 1 - 1 - 0 - -2?
0
What is (5 - (18 - 21)) + 12?
20
What is -13 + 14 + (4 - (9 + -1) - -15)?
12
-60 - (0 + -29) - -35
4
Calculate -2 - -14 - -33 - 37.
8
Evaluate (-9 - (-2 + 12)) + 17.
-2
0 + (17 - 3) + -3
11
8 + 1 - (6 - -2 - -23) - 4
-26
Evaluate -25 - -33 - (1 + -7).
14
Evaluate -27 + ((-8 - -4) + 1 - (0 - 6)).
-24
What is the value of -7 + -12 + -5 - -10?
-14
What is -8 + 3 + 3 + -11?
-13
-8 - (18 - 35 - -6)
3
Calculate (798 - 794) + -20 + -2.
-18
Calculate (-1 - -2) + 10 + -12 + 13 + -6.
6
Calculate -6 + ((3 - -26) + 3 - (35 + -41)).
32
What is (6 - 1 - -1) + (35 + -19 - 11)?
11
-8 + -20 + 34 + (-2 - (-7 - -2))
9
What is the value of (119 - 99) + (-1 - 19)?
0
Evaluate 33 - 21 - (6 - -2).
4
What is the value of (4 + -2 - 20) + 83 + -71?
-6
What is 0 + 6 + (0 - (5 - -1) - 11)?
-11
Calculate 1 + -6 + -1 - (-37 + 21).
10
Evaluate (-7 - -6 - -4) + (-22 - -3) + 5.
-11
What is 2 + -16 - (-11 + 10)?
-13
Calculate (-18 + -6 - -10) + 13 + 1 + -3.
-3
Calculate 1 + (0 + -19 - (57 - 67)).
-8
Calculate 18 - (12 - -4 - -2).
0
What is the value of -16 - (0 - -2) - ((9 - 6) + -5)?
-16
Calculate (-7 + 15 - 17 - -7) + -5.
-7
13 + (5 - -4 - (21 - 9))
10
Calculate (-1 - 1) + (1 - 24 - -44).
19
What is the value of 8 - (-19 - -17) - (34 - 4 - -5)?
-25
What is 7 + (-7 - (9 - 3 - 5)) + 22?
21
Evaluate 17 + 12 + (-12 - 16).
1
59 + -36 + (-11 - -3)
15
2 + -28 - (22 + (19 - 57 - -18))
-28
8 - (35 - ((0 - 1) + 10))
-18
Evaluate (-16 - 2) + (12 - (-15 + 9 + 11)).
-11
-18 + (-10 + -1 - (-141 + 80))
32
What is the value of 7 + 9 - (1 - (-3 - -8 - -6))?
26
-7 + 6 - ((-18 - (-5 + -3)) + 3)
6
What is the value of -24 + 4 - (-3 - (11 - 6))?
-12
What is the value of 1 - -2 - (9 + 10 - 1)?
-15
What is the value of 8 + 1 + -19 + (-43 - -46)?
-7
What is the value of -38 - (4 - (0 + 6 - -6))?
-30
Evaluate -6 + 1 + (80 + -57 - (9 - 1)).
10
Evaluate -10 - 0 - ((4 - -14) + -24 + 15).
-19
Evaluate (-8 - 0) + 3 + 12.
7
Evaluate (-1 + (4 - 8) - (-5 - 1)) + -4.
-3
(-14 + 15 + -1 + -4 - -5) + -7
-6
Calculate 20 - (27 + -12) - (6 - (-14 + 2)).
-13
Evaluate (26 + 6 - 3) + -53.
-24
Calculate (1 - (17 - 0)) + (1842 - 1847).
-21
Calculate 25 + -84 - -38 - -26.
5
20 + (18 + -37 - 9)
-8
Calculate 2 + (-3 - -6) + (-1 - 14).
-10
What is the value of 33 - 32 - (22 + -11)?
-10
Evaluate -6 + 22 - 6 - (-17 - -20).
7
-12 + (12 + -11 - (0 + -34))
23
Evaluate -7 + 8 + -7 + 13 + 6.
13
Evaluate 0 + 19 + -35 + 1.
-15
-9 + 16 + (22 - 19)
10
What is (0 - 37) + (-2 - -4) - (-54 - -44)?
-25
-30 + 20 + (11 - (-1 - -1))
1
-20 + (-6 - -29) + (-2 - -6) + 4
11
Calculate -4 + -1 - (100 - 121).
16
What is the value of 5 - (36 + -14 + -15)?
-2
Evaluate (-6 + 9 + (-14 - -9) - 8) + 26.
16
Evaluate 23 - 3 - (-9 - -14).
15
-12 - (22 + -12 - 9)
-13
What is the value of 1 + 0 + 3 + 2 + 16 + 0?
22
Evaluate 7 + -19 + 10 - (2 + 6).
-10
8 + -5 + -1 + 7 + -7
2
-51 + 8 + 27 + -5
-21
What is 27 - (26 - 22) - 4?
19
What is (8 + 0 + -2 - -2) + -2099 + 2107?
16
-3 + (-9 - (-10 - -7 - -1))
-10
What is the value of 1 - (4 + 7 + -5 + -13 + 16)?
-8
(3 + -2 - -14) + -142 + 143
16
Calculate 0 - ((8 - (2 + 22)) + 4).
12
Calculate (7 - (2 + -10)) + -12.
3
What is the value of -13 - (-17 - 0) - (12 - 5)?
-3
